Linux tonic.o2switch.net 4.18.0-553.30.1.lve.el8.x86_64 #1 SMP Tue Dec 3 01:21:19 UTC 2024 x86_64
/
home2
/
sc4rual8234
/
access-logs
/
/home2/sc4rual8234/access-logs/hymnealagourmandisefr.sc4rual8234.universe.wf-ssl_log
40.77.167.247 - - [24/Jul/2026:00:11:55 +0200] "GET /wp-content/uploads/elementor/css/post-955.css?ver=1731049184 HTTP/1.1" 200 10920 "https://hymnealagourmandise.fr/" "Mozilla/5.0 AppleWebKit/537.36 (KHTML, like Gecko; compatible; bingbot/2.0; +http://www.bing.com/bingbot.htm) Chrome/136.0.0.0 Safari/537.36 AppleWebKit/537.36 (KHTML, like Gecko; compatible; bingbot/2.0; +http://www.bing.com/bingbot.htm) Chrome/116.0.1938.76 Safari/537.36"
40.77.167.247 - - [24/Jul/2026:00:11:55 +0200] "GET /wp-content/cache/wpfc-minified/qgo1qbrw/l4my.css HTTP/1.1" 200 19817 "https://hymnealagourmandise.fr/" "Mozilla/5.0 AppleWebKit/537.36 (KHTML, like Gecko; compatible; bingbot/2.0; +http://www.bing.com/bingbot.htm) Chrome/136.0.0.0 Safari/537.36 AppleWebKit/537.36 (KHTML, like Gecko; compatible; bingbot/2.0; +http://www.bing.com/bingbot.htm) Chrome/116.0.1938.76 Safari/537.36"
40.77.167.247 - - [24/Jul/2026:00:11:55 +0200] "GET /wp-content/plugins/elementor/assets/lib/font-awesome/webfonts/fa-solid-900.ttf HTTP/1.1" 200 202744 "https://www.hymnealagourmandise.fr/wp-content/cache/wpfc-minified/242kxibs/ip6n.css" "Mozilla/5.0 AppleWebKit/537.36 (KHTML, like Gecko; compatible; bingbot/2.0; +http://www.bing.com/bingbot.htm) Chrome/136.0.0.0 Safari/537.36 AppleWebKit/537.36 (KHTML, like Gecko; compatible; bingbot/2.0; +http://www.bing.com/bingbot.htm) Chrome/116.0.1938.76 Safari/537.36"
157.55.39.60 - - [24/Jul/2026:00:11:58 +0200] "GET /wp-content/cache/wpfc-minified/9mel8b9i/l4my.css HTTP/1.1" 200 16540 "https://hymnealagourmandise.fr/" "Mozilla/5.0 AppleWebKit/537.36 (KHTML, like Gecko; compatible; bingbot/2.0; +http://www.bing.com/bingbot.htm) Chrome/136.0.0.0 Safari/537.36 AppleWebKit/537.36 (KHTML, like Gecko; compatible; bingbot/2.0; +http://www.bing.com/bingbot.htm) Chrome/116.0.1938.76 Safari/537.36"
157.55.39.60 - - [24/Jul/2026:00:12:07 +0200] "GET /wp-content/uploads/elementor/css/post-975.css?ver=1725021963 HTTP/1.1" 200 3354 "https://hymnealagourmandise.fr/" "Mozilla/5.0 AppleWebKit/537.36 (KHTML, like Gecko; compatible; bingbot/2.0; +http://www.bing.com/bingbot.htm) Chrome/136.0.0.0 Safari/537.36 AppleWebKit/537.36 (KHTML, like Gecko; compatible; bingbot/2.0; +http://www.bing.com/bingbot.htm) Chrome/116.0.1938.76 Safari/537.36"
109.234.162.206 - - [24/Jul/2026:00:28:15 +0200] "POST /wp-cron.php?doing_wp_cron=1784845695.9713459014892578125000 HTTP/1.1" 200 - "-" "WordPress/7.0.2; https://www.hymnealagourmandise.fr"
194.187.171.164 - - [24/Jul/2026:00:28:15 +0200] "GET /robots.txt HTTP/1.1" 200 698 "-" "Mozilla/5.0 (compatible; Qwantbot/1.0; +https://help.qwant.com/bot/)"
194.187.171.140 - - [24/Jul/2026:00:28:16 +0200] "GET /qui-sommes-nous HTTP/1.1" 301 - "-" "Mozilla/5.0 (compatible; Qwantbot/1.0_5800468; +https://help.qwant.com/bot/)"
194.187.171.140 - - [24/Jul/2026:00:28:17 +0200] "GET /qui-sommes-nous/ HTTP/1.1" 200 73463 "https://www.hymnealagourmandise.fr/qui-sommes-nous" "Mozilla/5.0 (compatible; Qwantbot/1.0_5800468; +https://help.qwant.com/bot/)"
194.187.171.140 - - [24/Jul/2026:00:28:26 +0200] "GET /nos-prestations HTTP/1.1" 301 - "-" "Mozilla/5.0 (compatible; Qwantbot/1.0_5800468; +https://help.qwant.com/bot/)"
194.187.171.140 - - [24/Jul/2026:00:28:26 +0200] "GET /nos-prestations/ HTTP/1.1" 200 94820 "https://www.hymnealagourmandise.fr/nos-prestations" "Mozilla/5.0 (compatible; Qwantbot/1.0_5800468; +https://help.qwant.com/bot/)"
194.187.171.140 - - [24/Jul/2026:00:28:30 +0200] "GET /contactez-nous HTTP/1.1" 301 - "-" "Mozilla/5.0 (compatible; Qwantbot/1.0_5800413; +https://help.qwant.com/bot/)"
194.187.171.140 - - [24/Jul/2026:00:28:31 +0200] "GET /contactez-nous/ HTTP/1.1" 200 71532 "https://www.hymnealagourmandise.fr/contactez-nous" "Mozilla/5.0 (compatible; Qwantbot/1.0_5800413; +https://help.qwant.com/bot/)"
109.234.162.206 - - [24/Jul/2026:00:37:05 +0200] "POST /wp-cron.php?doing_wp_cron=1784846225.0720739364624023437500 HTTP/1.1" 200 - "-" "WordPress/7.0.2; https://www.hymnealagourmandise.fr"
57.141.0.61 - - [24/Jul/2026:00:37:03 +0200] "GET /sitemap.xml HTTP/1.1" 404 48328 "-" "Mozilla/5.0 (Macintosh; Intel Mac OS X 10_15_7) AppleWebKit/537.36 (KHTML, like Gecko) Chrome/145.0.0.0 Safari/537.36 (compatible; meta-externalagent/1.1 (+https://developers.facebook.com/docs/sharing/webmasters/crawler))"
157.55.39.10 - - [24/Jul/2026:01:16:14 +0200] "GET / HTTP/1.1" 200 155326 "-" "Mozilla/5.0 AppleWebKit/537.36 (KHTML, like Gecko; compatible; bingbot/2.0; +http://www.bing.com/bingbot.htm) Chrome/116.0.1938.76 Safari/537.36"
40.160.13.219 - - [24/Jul/2026:01:17:21 +0200] "GET / HTTP/1.1" 200 155326 "-" "Mozilla/5.0 (Macintosh; Intel Mac OS X 10_15_7) AppleWebKit/537.36 (KHTML, like Gecko) Chrome/149.0.0.0 Safari/537.36 Edg/149.0.0.0"
109.234.162.206 - - [24/Jul/2026:02:29:08 +0200] "POST /wp-cron.php?doing_wp_cron=1784852948.5516419410705566406250 HTTP/1.1" 200 - "-" "WordPress/7.0.2; https://www.hymnealagourmandise.fr"
138.246.253.24 - - [24/Jul/2026:02:29:07 +0200] "GET /robots.txt HTTP/1.1" 200 698 "-" "Mozilla/5.0 (Windows NT 10.0; Win64; x64) AppleWebKit/537.36 (KHTML, like Gecko) Chrome/103.0.5060.134 Safari/537.36"
194.187.171.140 - - [24/Jul/2026:02:43:45 +0200] "GET / HTTP/1.1" 200 155326 "-" "Mozilla/5.0 (compatible; Qwantbot/1.0_5800253; +https://help.qwant.com/bot/)"
109.234.162.206 - - [24/Jul/2026:02:54:11 +0200] "POST /wp-cron.php?doing_wp_cron=1784854451.8975110054016113281250 HTTP/1.1" 200 - "-" "WordPress/7.0.2; https://www.hymnealagourmandise.fr"
54.39.0.212 - - [24/Jul/2026:02:54:11 +0200] "GET /robots.txt HTTP/1.1" 200 698 "-" "Mozilla/5.0 (compatible; AhrefsBot/7.0; +http://ahrefs.com/robot/)"
142.44.220.192 - - [24/Jul/2026:02:54:13 +0200] "GET /sitemap_index.xml HTTP/1.1" 200 790 "-" "Mozilla/5.0 (compatible; AhrefsBot/7.0; +http://ahrefs.com/robot/)"
167.114.139.180 - - [24/Jul/2026:02:54:15 +0200] "GET /post-sitemap.xml HTTP/1.1" 200 1094 "-" "Mozilla/5.0 (compatible; AhrefsBot/7.0; +http://ahrefs.com/robot/)"
142.44.233.38 - - [24/Jul/2026:02:54:17 +0200] "GET /page-sitemap.xml HTTP/1.1" 200 21920 "-" "Mozilla/5.0 (compatible; AhrefsBot/7.0; +http://ahrefs.com/robot/)"
148.113.128.183 - - [24/Jul/2026:02:54:19 +0200] "GET /category-sitemap.xml HTTP/1.1" 200 851 "-" "Mozilla/5.0 (compatible; AhrefsBot/7.0; +http://ahrefs.com/robot/)"
88.176.82.171 - - [24/Jul/2026:03:10:35 +0200] "GET /wp-content/themes/hello-elementor/custom-font.css HTTP/1.1" 200 153 "-" "Mozilla/5.0 (Linux; Android 10; K) AppleWebKit/537.36 (KHTML, like Gecko) Chrome/150.0.0.0 Mobile Safari/537.36"
88.176.82.171 - - [24/Jul/2026:03:10:35 +0200] "GET /wp-content/cache/wpfc-minified/m8efhlsq/ip6n.css HTTP/1.1" 200 122025 "-" "Mozilla/5.0 (Linux; Android 10; K) AppleWebKit/537.36 (KHTML, like Gecko) Chrome/150.0.0.0 Mobile Safari/537.36"
88.176.82.171 - - [24/Jul/2026:03:10:35 +0200] "GET /wp-content/cache/wpfc-minified/f3fmj2k5/ip6n.css HTTP/1.1" 200 116082 "-" "Mozilla/5.0 (Linux; Android 10; K) AppleWebKit/537.36 (KHTML, like Gecko) Chrome/150.0.0.0 Mobile Safari/537.36"
88.176.82.171 - - [24/Jul/2026:03:10:35 +0200] "GET / HTTP/1.1" 200 155326 "https://www.google.com/" "Mozilla/5.0 (Linux; Android 10; K) AppleWebKit/537.36 (KHTML, like Gecko) Chrome/150.0.0.0 Mobile Safari/537.36"
88.176.82.171 - - [24/Jul/2026:03:10:35 +0200] "GET /wp-content/cache/wpfc-minified/103vnll1/kl4k.css HTTP/1.1" 200 33886 "-" "Mozilla/5.0 (Linux; Android 10; K) AppleWebKit/537.36 (KHTML, like Gecko) Chrome/150.0.0.0 Mobile Safari/537.36"
88.176.82.171 - - [24/Jul/2026:03:10:35 +0200] "GET /wp-content/cache/wpfc-minified/d7y4xkp9/ip6n.css HTTP/1.1" 200 101556 "-" "Mozilla/5.0 (Linux; Android 10; K) AppleWebKit/537.36 (KHTML, like Gecko) Chrome/150.0.0.0 Mobile Safari/537.36"
88.176.82.171 - - [24/Jul/2026:03:10:35 +0200] "GET /wp-content/uploads/elementor/css/post-7.css?ver=1686920625 HTTP/1.1" 200 4085 "-" "Mozilla/5.0 (Linux; Android 10; K) AppleWebKit/537.36 (KHTML, like Gecko) Chrome/150.0.0.0 Mobile Safari/537.36"
88.176.82.171 - - [24/Jul/2026:03:10:35 +0200] "GET /wp-content/cache/wpfc-minified/1bvlbxpi/kl4k.css HTTP/1.1" 200 184897 "https://www.hymnealagourmandise.fr/" "Mozilla/5.0 (Linux; Android 10; K) AppleWebKit/537.36 (KHTML, like Gecko) Chrome/150.0.0.0 Mobile Safari/537.36"
88.176.82.171 - - [24/Jul/2026:03:10:35 +0200] "GET /wp-content/uploads/elementor/css/post-64.css?ver=1730904741 HTTP/1.1" 200 28186 "https://www.hymnealagourmandise.fr/" "Mozilla/5.0 (Linux; Android 10; K) AppleWebKit/537.36 (KHTML, like Gecko) Chrome/150.0.0.0 Mobile Safari/537.36"
88.176.82.171 - - [24/Jul/2026:03:10:35 +0200] "GET /wp-content/uploads/elementor/css/post-78.css?ver=1725021750 HTTP/1.1" 200 10969 "https://www.hymnealagourmandise.fr/" "Mozilla/5.0 (Linux; Android 10; K) AppleWebKit/537.36 (KHTML, like Gecko) Chrome/150.0.0.0 Mobile Safari/537.36"
88.176.82.171 - - [24/Jul/2026:03:10:35 +0200] "GET /wp-content/uploads/elementor/css/post-83.css?ver=1725021862 HTTP/1.1" 200 5809 "https://www.hymnealagourmandise.fr/" "Mozilla/5.0 (Linux; Android 10; K) AppleWebKit/537.36 (KHTML, like Gecko) Chrome/150.0.0.0 Mobile Safari/537.36"
88.176.82.171 - - [24/Jul/2026:03:10:35 +0200] "GET /wp-content/cache/wpfc-minified/242kxibs/ip6n.css HTTP/1.1" 200 59646 "https://www.hymnealagourmandise.fr/" "Mozilla/5.0 (Linux; Android 10; K) AppleWebKit/537.36 (KHTML, like Gecko) Chrome/150.0.0.0 Mobile Safari/537.36"
88.176.82.171 - - [24/Jul/2026:03:10:36 +0200] "GET /wp-content/cache/wpfc-minified/2ewy83w/ip6n.css HTTP/1.1" 200 18468 "https://www.hymnealagourmandise.fr/" "Mozilla/5.0 (Linux; Android 10; K) AppleWebKit/537.36 (KHTML, like Gecko) Chrome/150.0.0.0 Mobile Safari/537.36"
88.176.82.171 - - [24/Jul/2026:03:10:36 +0200] "GET /wp-content/cache/wpfc-minified/2csqau76/ip6n.js HTTP/1.1" 200 101330 "https://www.hymnealagourmandise.fr/" "Mozilla/5.0 (Linux; Android 10; K) AppleWebKit/537.36 (KHTML, like Gecko) Chrome/150.0.0.0 Mobile Safari/537.36"
88.176.82.171 - - [24/Jul/2026:03:10:36 +0200] "GET /wp-content/uploads/2023/05/Groupe-180.png HTTP/1.1" 200 15096 "https://www.hymnealagourmandise.fr/" "Mozilla/5.0 (Linux; Android 10; K) AppleWebKit/537.36 (KHTML, like Gecko) Chrome/150.0.0.0 Mobile Safari/537.36"
88.176.82.171 - - [24/Jul/2026:03:10:36 +0200] "GET /wp-content/cache/wpfc-minified/fojnqio1/ip6n.css HTTP/1.1" 200 26553 "https://www.hymnealagourmandise.fr/" "Mozilla/5.0 (Linux; Android 10; K) AppleWebKit/537.36 (KHTML, like Gecko) Chrome/150.0.0.0 Mobile Safari/537.36"
88.176.82.171 - - [24/Jul/2026:03:10:36 +0200] "GET /wp-content/uploads/2023/05/Groupe-323.png HTTP/1.1" 200 34360 "https://www.hymnealagourmandise.fr/" "Mozilla/5.0 (Linux; Android 10; K) AppleWebKit/537.36 (KHTML, like Gecko) Chrome/150.0.0.0 Mobile Safari/537.36"
88.176.82.171 - - [24/Jul/2026:03:10:36 +0200] "GET /wp-content/uploads/2023/05/Capture-d_e_cran-2022-09-11-a_-19.01-1.jpg HTTP/1.1" 200 39698 "https://www.hymnealagourmandise.fr/" "Mozilla/5.0 (Linux; Android 10; K) AppleWebKit/537.36 (KHTML, like Gecko) Chrome/150.0.0.0 Mobile Safari/537.36"
88.176.82.171 - - [24/Jul/2026:03:10:36 +0200] "GET /wp-content/plugins/instagram-feed/img/placeholder.png HTTP/1.1" 200 176 "https://www.hymnealagourmandise.fr/" "Mozilla/5.0 (Linux; Android 10; K) AppleWebKit/537.36 (KHTML, like Gecko) Chrome/150.0.0.0 Mobile Safari/537.36"
88.176.82.171 - - [24/Jul/2026:03:10:36 +0200] "GET /wp-content/cache/wpfc-minified/ftv657ho/ip6n.css HTTP/1.1" 200 9881 "https://www.hymnealagourmandise.fr/" "Mozilla/5.0 (Linux; Android 10; K) AppleWebKit/537.36 (KHTML, like Gecko) Chrome/150.0.0.0 Mobile Safari/537.36"
88.176.82.171 - - [24/Jul/2026:03:10:36 +0200] "GET /wp-content/plugins/custom-facebook-feed/assets/js/cff-scripts.js?ver=4.2.5 HTTP/1.1" 200 54897 "https://www.hymnealagourmandise.fr/" "Mozilla/5.0 (Linux; Android 10; K) AppleWebKit/537.36 (KHTML, like Gecko) Chrome/150.0.0.0 Mobile Safari/537.36"
88.176.82.171 - - [24/Jul/2026:03:10:36 +0200] "GET /wp-content/themes/hello-elementor/assets/js/hello-frontend.min.js?ver=1.0.0 HTTP/1.1" 200 1827 "https://www.hymnealagourmandise.fr/" "Mozilla/5.0 (Linux; Android 10; K) AppleWebKit/537.36 (KHTML, like Gecko) Chrome/150.0.0.0 Mobile Safari/537.36"
88.176.82.171 - - [24/Jul/2026:03:10:36 +0200] "GET /wp-content/plugins/elementor-pro/assets/lib/smartmenus/jquery.smartmenus.min.js?ver=1.0.1 HTTP/1.1" 200 25202 "https://www.hymnealagourmandise.fr/" "Mozilla/5.0 (Linux; Android 10; K) AppleWebKit/537.36 (KHTML, like Gecko) Chrome/150.0.0.0 Mobile Safari/537.36"
88.176.82.171 - - [24/Jul/2026:03:10:36 +0200] "GET /wp-content/plugins/instagram-feed/js/sbi-scripts.min.js?ver=6.6.0 HTTP/1.1" 200 28733 "https://www.hymnealagourmandise.fr/" "Mozilla/5.0 (Linux; Android 10; K) AppleWebKit/537.36 (KHTML, like Gecko) Chrome/150.0.0.0 Mobile Safari/537.36"
88.176.82.171 - - [24/Jul/2026:03:10:36 +0200] "GET /wp-content/plugins/custom-facebook-feed/assets/js/elementor-preview.js?ver=4.2.5 HTTP/1.1" 200 350 "https://www.hymnealagourmandise.fr/" "Mozilla/5.0 (Linux; Android 10; K) AppleWebKit/537.36 (KHTML, like Gecko) Chrome/150.0.0.0 Mobile Safari/537.36"
88.176.82.171 - - [24/Jul/2026:03:10:36 +0200] "GET /wp-content/plugins/elementor-pro/assets/js/webpack-pro.runtime.min.js?ver=3.13.2 HTTP/1.1" 200 5485 "https://www.hymnealagourmandise.fr/" "Mozilla/5.0 (Linux; Android 10; K) AppleWebKit/537.36 (KHTML, like Gecko) Chrome/150.0.0.0 Mobile Safari/537.36"
88.176.82.171 - - [24/Jul/2026:03:10:36 +0200] "GET /wp-content/plugins/elementor/assets/js/webpack.runtime.min.js?ver=3.13.4 HTTP/1.1" 200 4958 "https://www.hymnealagourmandise.fr/" "Mozilla/5.0 (Linux; Android 10; K) AppleWebKit/537.36 (KHTML, like Gecko) Chrome/150.0.0.0 Mobile Safari/537.36"
88.176.82.171 - - [24/Jul/2026:03:10:36 +0200] "GET /wp-content/plugins/elementor/assets/js/frontend-modules.min.js?ver=3.13.4 HTTP/1.1" 200 45667 "https://www.hymnealagourmandise.fr/" "Mozilla/5.0 (Linux; Android 10; K) AppleWebKit/537.36 (KHTML, like Gecko) Chrome/150.0.0.0 Mobile Safari/537.36"
88.176.82.171 - - [24/Jul/2026:03:10:36 +0200] "GET /wp-includes/js/dist/hooks.min.js?ver=dd5603f07f9220ed27f1 HTTP/1.1" 200 5050 "https://www.hymnealagourmandise.fr/" "Mozilla/5.0 (Linux; Android 10; K) AppleWebKit/537.36 (KHTML, like Gecko) Chrome/150.0.0.0 Mobile Safari/537.36"
88.176.82.171 - - [24/Jul/2026:03:10:36 +0200] "GET /wp-includes/js/dist/i18n.min.js?ver=c26c3dc7bed366793375 HTTP/1.1" 200 5732 "https://www.hymnealagourmandise.fr/" "Mozilla/5.0 (Linux; Android 10; K) AppleWebKit/537.36 (KHTML, like Gecko) Chrome/150.0.0.0 Mobile Safari/537.36"
88.176.82.171 - - [24/Jul/2026:03:10:36 +0200] "GET /wp-content/plugins/elementor-pro/assets/js/frontend.min.js?ver=3.13.2 HTTP/1.1" 200 24380 "https://www.hymnealagourmandise.fr/" "Mozilla/5.0 (Linux; Android 10; K) AppleWebKit/537.36 (KHTML, like Gecko) Chrome/150.0.0.0 Mobile Safari/537.36"
88.176.82.171 - - [24/Jul/2026:03:10:36 +0200] "GET /wp-content/plugins/elementor/assets/lib/waypoints/waypoints.min.js?ver=4.0.2 HTTP/1.1" 200 12198 "https://www.hymnealagourmandise.fr/" "Mozilla/5.0 (Linux; Android 10; K) AppleWebKit/537.36 (KHTML, like Gecko) Chrome/150.0.0.0 Mobile Safari/537.36"
88.176.82.171 - - [24/Jul/2026:03:10:36 +0200] "GET /wp-includes/js/jquery/ui/core.min.js?ver=1.13.3 HTTP/1.1" 200 21464 "https://www.hymnealagourmandise.fr/" "Mozilla/5.0 (Linux; Android 10; K) AppleWebKit/537.36 (KHTML, like Gecko) Chrome/150.0.0.0 Mobile Safari/537.36"
88.176.82.171 - - [24/Jul/2026:03:10:36 +0200] "GET /wp-content/plugins/elementor/assets/js/frontend.min.js?ver=3.13.4 HTTP/1.1" 200 40625 "https://www.hymnealagourmandise.fr/" "Mozilla/5.0 (Linux; Android 10; K) AppleWebKit/537.36 (KHTML, like Gecko) Chrome/150.0.0.0 Mobile Safari/537.36"
88.176.82.171 - - [24/Jul/2026:03:10:36 +0200] "GET /wp-content/plugins/elementor-pro/assets/js/elements-handlers.min.js?ver=3.13.2 HTTP/1.1" 200 29635 "https://www.hymnealagourmandise.fr/" "Mozilla/5.0 (Linux; Android 10; K) AppleWebKit/537.36 (KHTML, like Gecko) Chrome/150.0.0.0 Mobile Safari/537.36"
88.176.82.171 - - [24/Jul/2026:03:10:36 +0200] "GET /wp-content/plugins/elementor-pro/assets/lib/sticky/jquery.sticky.min.js?ver=3.13.2 HTTP/1.1" 200 3721 "https://www.hymnealagourmandise.fr/" "Mozilla/5.0 (Linux; Android 10; K) AppleWebKit/537.36 (KHTML, like Gecko) Chrome/150.0.0.0 Mobile Safari/537.36"
88.176.82.171 - - [24/Jul/2026:03:10:36 +0200] "GET /wp-content/uploads/2023/05/Groupe-363.png HTTP/1.1" 200 157244 "https://www.hymnealagourmandise.fr/wp-content/uploads/elementor/css/post-64.css?ver=1730904741" "Mozilla/5.0 (Linux; Android 10; K) AppleWebKit/537.36 (KHTML, like Gecko) Chrome/150.0.0.0 Mobile Safari/537.36"
88.176.82.171 - - [24/Jul/2026:03:10:36 +0200] "GET /wp-content/uploads/2023/05/Groupe-364.png HTTP/1.1" 200 9224 "https://www.hymnealagourmandise.fr/wp-content/uploads/elementor/css/post-64.css?ver=1730904741" "Mozilla/5.0 (Linux; Android 10; K) AppleWebKit/537.36 (KHTML, like Gecko) Chrome/150.0.0.0 Mobile Safari/537.36"
88.176.82.171 - - [24/Jul/2026:03:10:36 +0200] "GET /wp-content/uploads/2023/05/Rectangle-274.png HTTP/1.1" 200 1068 "https://www.hymnealagourmandise.fr/wp-content/uploads/elementor/css/post-64.css?ver=1730904741" "Mozilla/5.0 (Linux; Android 10; K) AppleWebKit/537.36 (KHTML, like Gecko) Chrome/150.0.0.0 Mobile Safari/537.36"
88.176.82.171 - - [24/Jul/2026:03:10:36 +0200] "GET /wp-content/plugins/elementor/assets/lib/eicons/fonts/eicons.woff2?5.20.0 HTTP/1.1" 200 94248 "https://www.hymnealagourmandise.fr/wp-content/cache/wpfc-minified/1bvlbxpi/kl4k.css" "Mozilla/5.0 (Linux; Android 10; K) AppleWebKit/537.36 (KHTML, like Gecko) Chrome/150.0.0.0 Mobile Safari/537.36"
88.176.82.171 - - [24/Jul/2026:03:10:36 +0200] "GET /wp-content/themes/hello-elementor/Mialgor.ttf HTTP/1.1" 200 175624 "https://www.hymnealagourmandise.fr/" "Mozilla/5.0 (Linux; Android 10; K) AppleWebKit/537.36 (KHTML, like Gecko) Chrome/150.0.0.0 Mobile Safari/537.36"
88.176.82.171 - - [24/Jul/2026:03:10:36 +0200] "GET /wp-content/uploads/2023/05/IMG_2269-scaled.jpg HTTP/1.1" 200 161854 "https://www.hymnealagourmandise.fr/wp-content/uploads/elementor/css/post-64.css?ver=1730904741" "Mozilla/5.0 (Linux; Android 10; K) AppleWebKit/537.36 (KHTML, like Gecko) Chrome/150.0.0.0 Mobile Safari/537.36"
88.176.82.171 - - [24/Jul/2026:03:10:36 +0200] "GET /wp-content/uploads/2023/05/macaron-francaisaa.png HTTP/1.1" 200 6374 "https://www.hymnealagourmandise.fr/wp-content/uploads/elementor/css/post-83.css?ver=1725021862" "Mozilla/5.0 (Linux; Android 10; K) AppleWebKit/537.36 (KHTML, like Gecko) Chrome/150.0.0.0 Mobile Safari/537.36"
88.176.82.171 - - [24/Jul/2026:03:10:36 +0200] "GET /wp-content/uploads/2023/05/Groupe-362.png HTTP/1.1" 200 11840 "https://www.hymnealagourmandise.fr/wp-content/uploads/elementor/css/post-83.css?ver=1725021862" "Mozilla/5.0 (Linux; Android 10; K) AppleWebKit/537.36 (KHTML, like Gecko) Chrome/150.0.0.0 Mobile Safari/537.36"
88.176.82.171 - - [24/Jul/2026:03:10:36 +0200] "GET /wp-content/uploads/2023/05/Capture-d_e_cran-2022-09-11-a_-18.59.jpg HTTP/1.1" 200 35508 "https://www.hymnealagourmandise.fr/" "Mozilla/5.0 (Linux; Android 10; K) AppleWebKit/537.36 (KHTML, like Gecko) Chrome/150.0.0.0 Mobile Safari/537.36"
88.176.82.171 - - [24/Jul/2026:03:10:36 +0200] "GET /wp-content/plugins/elementor/assets/lib/font-awesome/webfonts/fa-brands-400.woff2 HTTP/1.1" 200 76764 "https://www.hymnealagourmandise.fr/wp-content/cache/wpfc-minified/242kxibs/ip6n.css" "Mozilla/5.0 (Linux; Android 10; K) AppleWebKit/537.36 (KHTML, like Gecko) Chrome/150.0.0.0 Mobile Safari/537.36"
88.176.82.171 - - [24/Jul/2026:03:10:36 +0200] "GET /wp-content/uploads/sb-instagram-feed-images/485126777_991231135871309_5176732874415824057_nfull.webp HTTP/1.1" 200 64982 "https://www.hymnealagourmandise.fr/" "Mozilla/5.0 (Linux; Android 10; K) AppleWebKit/537.36 (KHTML, like Gecko) Chrome/150.0.0.0 Mobile Safari/537.36"
88.176.82.171 - - [24/Jul/2026:03:10:36 +0200] "GET /wp-content/uploads/sb-instagram-feed-images/459922250_1232006891448865_8141360452098756844_nfull.webp HTTP/1.1" 200 87082 "https://www.hymnealagourmandise.fr/" "Mozilla/5.0 (Linux; Android 10; K) AppleWebKit/537.36 (KHTML, like Gecko) Chrome/150.0.0.0 Mobile Safari/537.36"
88.176.82.171 - - [24/Jul/2026:03:10:36 +0200] "GET /wp-content/uploads/sb-instagram-feed-images/455165764_489375563882244_2472290844510451856_nfull.webp HTTP/1.1" 200 91994 "https://www.hymnealagourmandise.fr/" "Mozilla/5.0 (Linux; Android 10; K) AppleWebKit/537.36 (KHTML, like Gecko) Chrome/150.0.0.0 Mobile Safari/537.36"
88.176.82.171 - - [24/Jul/2026:03:10:36 +0200] "GET /wp-content/uploads/sb-instagram-feed-images/453432191_1604822753417756_4927083159856881842_nfull.webp HTTP/1.1" 200 67196 "https://www.hymnealagourmandise.fr/" "Mozilla/5.0 (Linux; Android 10; K) AppleWebKit/537.36 (KHTML, like Gecko) Chrome/150.0.0.0 Mobile Safari/537.36"
88.176.82.171 - - [24/Jul/2026:03:10:37 +0200] "GET /wp-content/plugins/elementor-pro/assets/js/nav-menu.3347cc64f9b3d71f7f0c.bundle.min.js HTTP/1.1" 200 4657 "https://www.hymnealagourmandise.fr/" "Mozilla/5.0 (Linux; Android 10; K) AppleWebKit/537.36 (KHTML, like Gecko) Chrome/150.0.0.0 Mobile Safari/537.36"
88.176.82.171 - - [24/Jul/2026:03:10:37 +0200] "GET /wp-content/plugins/elementor/assets/js/text-editor.2c35aafbe5bf0e127950.bundle.min.js HTTP/1.1" 200 1360 "https://www.hymnealagourmandise.fr/" "Mozilla/5.0 (Linux; Android 10; K) AppleWebKit/537.36 (KHTML, like Gecko) Chrome/150.0.0.0 Mobile Safari/537.36"
88.176.82.171 - - [24/Jul/2026:03:10:37 +0200] "GET /wp-includes/js/wp-emoji-release.min.js?ver=6e0728ebb67d668afa587a54f804e703 HTTP/1.1" 200 22752 "https://www.hymnealagourmandise.fr/" "Mozilla/5.0 (Linux; Android 10; K) AppleWebKit/537.36 (KHTML, like Gecko) Chrome/150.0.0.0 Mobile Safari/537.36"
88.176.82.171 - - [24/Jul/2026:03:10:36 +0200] "GET /wp-content/uploads/sb-instagram-feed-images/503929708_1778334599765307_4983459647725462509_nfull.webp HTTP/1.1" 404 48288 "https://www.hymnealagourmandise.fr/" "Mozilla/5.0 (Linux; Android 10; K) AppleWebKit/537.36 (KHTML, like Gecko) Chrome/150.0.0.0 Mobile Safari/537.36"
88.176.82.171 - - [24/Jul/2026:03:10:36 +0200] "GET /wp-content/uploads/sb-instagram-feed-images/503372284_539002299144464_7528397799784439889_nfull.webp HTTP/1.1" 404 48288 "https://www.hymnealagourmandise.fr/" "Mozilla/5.0 (Linux; Android 10; K) AppleWebKit/537.36 (KHTML, like Gecko) Chrome/150.0.0.0 Mobile Safari/537.36"
88.176.82.171 - - [24/Jul/2026:03:10:37 +0200] "GET /wp-content/uploads/sb-instagram-feed-images/501493644_1104613694840316_7726296269016000417_nfull.webp HTTP/1.1" 404 48288 "https://www.hymnealagourmandise.fr/" "Mozilla/5.0 (Linux; Android 10; K) AppleWebKit/537.36 (KHTML, like Gecko) Chrome/150.0.0.0 Mobile Safari/537.36"
88.176.82.171 - - [24/Jul/2026:03:10:36 +0200] "GET /wp-content/uploads/sb-instagram-feed-images/503016988_1004038688602354_4034259178184416617_nfull.webp HTTP/1.1" 404 48288 "https://www.hymnealagourmandise.fr/" "Mozilla/5.0 (Linux; Android 10; K) AppleWebKit/537.36 (KHTML, like Gecko) Chrome/150.0.0.0 Mobile Safari/537.36"
109.234.162.206 - - [24/Jul/2026:03:10:37 +0200] "POST /wp-cron.php?doing_wp_cron=1784855437.8131229877471923828125 HTTP/1.1" 200 - "-" "WordPress/7.0.2; https://www.hymnealagourmandise.fr"
109.234.162.206 - - [24/Jul/2026:03:10:37 +0200] "POST /wp-cron.php?doing_wp_cron=1784855437.8129689693450927734375 HTTP/1.1" 200 - "-" "WordPress/7.0.2; https://www.hymnealagourmandise.fr"
88.176.82.171 - - [24/Jul/2026:03:10:36 +0200] "GET /wp-content/uploads/sb-instagram-feed-images/503533546_1648614242524179_8612383745859097650_nfull.webp HTTP/1.1" 404 48288 "https://www.hymnealagourmandise.fr/" "Mozilla/5.0 (Linux; Android 10; K) AppleWebKit/537.36 (KHTML, like Gecko) Chrome/150.0.0.0 Mobile Safari/537.36"
109.234.162.206 - - [24/Jul/2026:03:10:37 +0200] "POST /wp-cron.php?doing_wp_cron=1784855437.8130209445953369140625 HTTP/1.1" 200 - "-" "WordPress/7.0.2; https://www.hymnealagourmandise.fr"
109.234.162.206 - - [24/Jul/2026:03:10:37 +0200] "POST /wp-cron.php?doing_wp_cron=1784855437.8128850460052490234375 HTTP/1.1" 200 - "-" "WordPress/7.0.2; https://www.hymnealagourmandise.fr"
88.176.82.171 - - [24/Jul/2026:03:10:36 +0200] "GET /wp-content/uploads/sb-instagram-feed-images/501103209_1332404311189309_898567752390909145_nfull.webp HTTP/1.1" 404 48288 "https://www.hymnealagourmandise.fr/" "Mozilla/5.0 (Linux; Android 10; K) AppleWebKit/537.36 (KHTML, like Gecko) Chrome/150.0.0.0 Mobile Safari/537.36"
109.234.162.206 - - [24/Jul/2026:03:10:37 +0200] "POST /wp-cron.php?doing_wp_cron=1784855437.8128850460052490234375 HTTP/1.1" 200 - "-" "WordPress/7.0.2; https://www.hymnealagourmandise.fr"
109.234.162.206 - - [24/Jul/2026:03:10:37 +0200] "POST /wp-cron.php?doing_wp_cron=1784855437.8129050731658935546875 HTTP/1.1" 200 - "-" "WordPress/7.0.2; https://www.hymnealagourmandise.fr"
109.234.162.206 - - [24/Jul/2026:03:10:37 +0200] "POST /wp-cron.php?doing_wp_cron=1784855437.8132240772247314453125 HTTP/1.1" 200 - "-" "WordPress/7.0.2; https://www.hymnealagourmandise.fr"
109.234.162.206 - - [24/Jul/2026:03:10:37 +0200] "POST /wp-cron.php?doing_wp_cron=1784855437.8128850460052490234375 HTTP/1.1" 200 - "-" "WordPress/7.0.2; https://www.hymnealagourmandise.fr"
88.176.82.171 - - [24/Jul/2026:03:10:37 +0200] "GET /wp-content/uploads/sb-instagram-feed-images/502663361_2378229135896571_2817542701873849195_nfull.webp HTTP/1.1" 404 48288 "https://www.hymnealagourmandise.fr/" "Mozilla/5.0 (Linux; Android 10; K) AppleWebKit/537.36 (KHTML, like Gecko) Chrome/150.0.0.0 Mobile Safari/537.36"
88.176.82.171 - - [24/Jul/2026:03:10:36 +0200] "GET /wp-content/uploads/sb-instagram-feed-images/520810175_1260597452387517_116189174411106937_nfull.webp HTTP/1.1" 404 48288 "https://www.hymnealagourmandise.fr/" "Mozilla/5.0 (Linux; Android 10; K) AppleWebKit/537.36 (KHTML, like Gecko) Chrome/150.0.0.0 Mobile Safari/537.36"
88.176.82.171 - - [24/Jul/2026:03:10:36 +0200] "GET /wp-content/uploads/sb-instagram-feed-images/503864109_1354950982248969_6822131885101434772_nfull.webp HTTP/1.1" 404 48288 "https://www.hymnealagourmandise.fr/" "Mozilla/5.0 (Linux; Android 10; K) AppleWebKit/537.36 (KHTML, like Gecko) Chrome/150.0.0.0 Mobile Safari/537.36"
88.176.82.171 - - [24/Jul/2026:03:10:37 +0200] "GET /wp-content/uploads/sb-instagram-feed-images/499113337_1215232763421741_8296143351714660889_nfull.webp HTTP/1.1" 404 48288 "https://www.hymnealagourmandise.fr/" "Mozilla/5.0 (Linux; Android 10; K) AppleWebKit/537.36 (KHTML, like Gecko) Chrome/150.0.0.0 Mobile Safari/537.36"
88.176.82.171 - - [24/Jul/2026:03:10:36 +0200] "GET /wp-content/uploads/sb-instagram-feed-images/503331303_2129787407542051_7410872123711612028_nfull.webp HTTP/1.1" 404 48288 "https://www.hymnealagourmandise.fr/" "Mozilla/5.0 (Linux; Android 10; K) AppleWebKit/537.36 (KHTML, like Gecko) Chrome/150.0.0.0 Mobile Safari/537.36"
88.176.82.171 - - [24/Jul/2026:03:10:36 +0200] "GET /wp-content/uploads/sb-instagram-feed-images/503063796_1054316279368061_732604179173774855_nfull.webp HTTP/1.1" 404 48288 "https://www.hymnealagourmandise.fr/" "Mozilla/5.0 (Linux; Android 10; K) AppleWebKit/537.36 (KHTML, like Gecko) Chrome/150.0.0.0 Mobile Safari/537.36"
88.176.82.171 - - [24/Jul/2026:03:10:37 +0200] "GET /wp-content/uploads/sb-instagram-feed-images/499800233_1211408377187815_4208667401276929208_nfull.webp HTTP/1.1" 404 48288 "https://www.hymnealagourmandise.fr/" "Mozilla/5.0 (Linux; Android 10; K) AppleWebKit/537.36 (KHTML, like Gecko) Chrome/150.0.0.0 Mobile Safari/537.36"
88.176.82.171 - - [24/Jul/2026:03:10:37 +0200] "GET /wp-content/uploads/sb-instagram-feed-images/502729299_1062588182594577_1664310316231854730_nfull.webp HTTP/1.1" 404 48288 "https://www.hymnealagourmandise.fr/" "Mozilla/5.0 (Linux; Android 10; K) AppleWebKit/537.36 (KHTML, like Gecko) Chrome/150.0.0.0 Mobile Safari/537.36"
88.176.82.171 - - [24/Jul/2026:03:10:37 +0200] "GET /wp-content/uploads/sb-instagram-feed-images/503206985_1418498545993500_1983773555177361439_nfull.webp HTTP/1.1" 404 48288 "https://www.hymnealagourmandise.fr/" "Mozilla/5.0 (Linux; Android 10; K) AppleWebKit/537.36 (KHTML, like Gecko) Chrome/150.0.0.0 Mobile Safari/537.36"
88.176.82.171 - - [24/Jul/2026:03:10:36 +0200] "GET /wp-content/uploads/sb-instagram-feed-images/502960752_1631776444198983_8729680071949849827_nfull.webp HTTP/1.1" 404 48288 "https://www.hymnealagourmandise.fr/" "Mozilla/5.0 (Linux; Android 10; K) AppleWebKit/537.36 (KHTML, like Gecko) Chrome/150.0.0.0 Mobile Safari/537.36"
88.176.82.171 - - [24/Jul/2026:03:10:38 +0200] "GET /wp-content/uploads/2023/05/cropped-Favicon-HymneAlaGourmandise-3-192x192.png HTTP/1.1" 200 4794 "https://www.hymnealagourmandise.fr/" "Mozilla/5.0 (Linux; Android 10; K) AppleWebKit/537.36 (KHTML, like Gecko) Chrome/150.0.0.0 Mobile Safari/537.36"
88.176.82.171 - - [24/Jul/2026:03:10:38 +0200] "GET /wp-content/uploads/2023/05/cropped-Favicon-HymneAlaGourmandise-3-180x180.png HTTP/1.1" 200 4580 "https://www.hymnealagourmandise.fr/" "Mozilla/5.0 (Linux; Android 10; K) AppleWebKit/537.36 (KHTML, like Gecko) Chrome/150.0.0.0 Mobile Safari/537.36"
88.176.82.171 - - [24/Jul/2026:03:10:42 +0200] "GET /nos-prestations/ HTTP/1.1" 200 94820 "https://www.hymnealagourmandise.fr/" "Mozilla/5.0 (Linux; Android 10; K) AppleWebKit/537.36 (KHTML, like Gecko) Chrome/150.0.0.0 Mobile Safari/537.36"
88.176.82.171 - - [24/Jul/2026:03:10:43 +0200] "GET /wp-content/uploads/elementor/css/post-215.css?ver=1686920842 HTTP/1.1" 200 39467 "https://www.hymnealagourmandise.fr/nos-prestations/" "Mozilla/5.0 (Linux; Android 10; K) AppleWebKit/537.36 (KHTML, like Gecko) Chrome/150.0.0.0 Mobile Safari/537.36"
88.176.82.171 - - [24/Jul/2026:03:10:43 +0200] "GET /wp-content/uploads/2023/05/IMG_0694_retouchee-1536x1201.jpg HTTP/1.1" 200 123384 "https://www.hymnealagourmandise.fr/nos-prestations/" "Mozilla/5.0 (Linux; Android 10; K) AppleWebKit/537.36 (KHTML, like Gecko) Chrome/150.0.0.0 Mobile Safari/537.36"
88.176.82.171 - - [24/Jul/2026:03:10:43 +0200] "GET /wp-content/uploads/2023/05/Capture-d_e_cran-2022-09-11-a_-18.58-1.jpg HTTP/1.1" 200 34494 "https://www.hymnealagourmandise.fr/nos-prestations/" "Mozilla/5.0 (Linux; Android 10; K) AppleWebKit/537.36 (KHTML, like Gecko) Chrome/150.0.0.0 Mobile Safari/537.36"
88.176.82.171 - - [24/Jul/2026:03:10:43 +0200] "GET /wp-content/uploads/2023/05/Groupe-367.jpg HTTP/1.1" 200 99106 "https://www.hymnealagourmandise.fr/wp-content/uploads/elementor/css/post-215.css?ver=1686920842" "Mozilla/5.0 (Linux; Android 10; K) AppleWebKit/537.36 (KHTML, like Gecko) Chrome/150.0.0.0 Mobile Safari/537.36"
88.176.82.171 - - [24/Jul/2026:03:10:43 +0200] "GET /wp-content/uploads/2023/05/rouleSaumon2-03.png HTTP/1.1" 200 149418 "https://www.hymnealagourmandise.fr/wp-content/uploads/elementor/css/post-215.css?ver=1686920842" "Mozilla/5.0 (Linux; Android 10; K) AppleWebKit/537.36 (KHTML, like Gecko) Chrome/150.0.0.0 Mobile Safari/537.36"
88.176.82.171 - - [24/Jul/2026:03:10:43 +0200] "GET /wp-content/themes/hello-elementor/Mialgor.ttf HTTP/1.1" 200 175624 "https://www.hymnealagourmandise.fr/nos-prestations/" "Mozilla/5.0 (Linux; Android 10; K) AppleWebKit/537.36 (KHTML, like Gecko) Chrome/150.0.0.0 Mobile Safari/537.36"
88.176.82.171 - - [24/Jul/2026:03:10:43 +0200] "GET /wp-content/uploads/2023/05/IMG_1270_retouchee-695x1024.jpg HTTP/1.1" 200 83090 "https://www.hymnealagourmandise.fr/nos-prestations/" "Mozilla/5.0 (Linux; Android 10; K) AppleWebKit/537.36 (KHTML, like Gecko) Chrome/150.0.0.0 Mobile Safari/537.36"
88.176.82.171 - - [24/Jul/2026:03:10:45 +0200] "GET /wp-content/uploads/2023/05/Groupe-261.png HTTP/1.1" 200 948 "https://www.hymnealagourmandise.fr/nos-prestations/" "Mozilla/5.0 (Linux; Android 10; K) AppleWebKit/537.36 (KHTML, like Gecko) Chrome/150.0.0.0 Mobile Safari/537.36"
88.176.82.171 - - [24/Jul/2026:03:10:45 +0200] "GET /wp-content/uploads/2023/05/Groupe-262.png HTTP/1.1" 200 926 "https://www.hymnealagourmandise.fr/nos-prestations/" "Mozilla/5.0 (Linux; Android 10; K) AppleWebKit/537.36 (KHTML, like Gecko) Chrome/150.0.0.0 Mobile Safari/537.36"
88.176.82.171 - - [24/Jul/2026:03:10:54 +0200] "GET /wp-content/uploads/2023/05/3378.png HTTP/1.1" 200 106086 "https://www.hymnealagourmandise.fr/nos-prestations/" "Mozilla/5.0 (Linux; Android 10; K) AppleWebKit/537.36 (KHTML, like Gecko) Chrome/150.0.0.0 Mobile Safari/537.36"
88.176.82.171 - - [24/Jul/2026:03:10:54 +0200] "GET /wp-content/uploads/2023/05/tray-1.png HTTP/1.1" 200 2915 "https://www.hymnealagourmandise.fr/nos-prestations/" "Mozilla/5.0 (Linux; Android 10; K) AppleWebKit/537.36 (KHTML, like Gecko) Chrome/150.0.0.0 Mobile Safari/537.36"
88.176.82.171 - - [24/Jul/2026:03:10:54 +0200] "GET /wp-content/uploads/2023/05/IMG_1884_retouchee-1536x838.jpg HTTP/1.1" 200 94862 "https://www.hymnealagourmandise.fr/nos-prestations/" "Mozilla/5.0 (Linux; Android 10; K) AppleWebKit/537.36 (KHTML, like Gecko) Chrome/150.0.0.0 Mobile Safari/537.36"
88.176.82.171 - - [24/Jul/2026:03:11:03 +0200] "GET /wp-content/uploads/2023/05/group.png HTTP/1.1" 200 1967 "https://www.hymnealagourmandise.fr/nos-prestations/" "Mozilla/5.0 (Linux; Android 10; K) AppleWebKit/537.36 (KHTML, like Gecko) Chrome/150.0.0.0 Mobile Safari/537.36"
88.176.82.171 - - [24/Jul/2026:03:11:04 +0200] "GET /wp-content/uploads/2023/05/Groupe-73.png HTTP/1.1" 200 4921 "https://www.hymnealagourmandise.fr/nos-prestations/" "Mozilla/5.0 (Linux; Android 10; K) AppleWebKit/537.36 (KHTML, like Gecko) Chrome/150.0.0.0 Mobile Safari/537.36"
88.176.82.171 - - [24/Jul/2026:03:11:07 +0200] "GET /wp-content/uploads/2023/05/IMG_2145-1536x713.jpg HTTP/1.1" 200 167266 "https://www.hymnealagourmandise.fr/nos-prestations/" "Mozilla/5.0 (Linux; Android 10; K) AppleWebKit/537.36 (KHTML, like Gecko) Chrome/150.0.0.0 Mobile Safari/537.36"
88.176.82.171 - - [24/Jul/2026:03:11:08 +0200] "GET /wp-content/uploads/2023/05/Groupe-de-masques-8.png HTTP/1.1" 200 3546 "https://www.hymnealagourmandise.fr/nos-prestations/" "Mozilla/5.0 (Linux; Android 10; K) AppleWebKit/537.36 (KHTML, like Gecko) Chrome/150.0.0.0 Mobile Safari/537.36"
109.234.162.206 - - [24/Jul/2026:03:12:09 +0200] "POST /wp-cron.php?doing_wp_cron=1784855529.7328801155090332031250 HTTP/1.1" 200 - "-" "WordPress/7.0.2; https://www.hymnealagourmandise.fr"
88.176.82.171 - - [24/Jul/2026:03:12:09 +0200] "GET /galerie-photos HTTP/1.1" 301 - "https://www.hymnealagourmandise.fr/nos-prestations/" "Mozilla/5.0 (Linux; Android 10; K) AppleWebKit/537.36 (KHTML, like Gecko) Chrome/150.0.0.0 Mobile Safari/537.36"
88.176.82.171 - - [24/Jul/2026:03:12:09 +0200] "GET /galerie-photos/ HTTP/1.1" 200 83053 "https://www.hymnealagourmandise.fr/nos-prestations/" "Mozilla/5.0 (Linux; Android 10; K) AppleWebKit/537.36 (KHTML, like Gecko) Chrome/150.0.0.0 Mobile Safari/537.36"
88.176.82.171 - - [24/Jul/2026:03:12:10 +0200] "GET /wp-content/uploads/elementor/css/post-296.css?ver=1730904566 HTTP/1.1" 200 7214 "https://www.hymnealagourmandise.fr/galerie-photos/" "Mozilla/5.0 (Linux; Android 10; K) AppleWebKit/537.36 (KHTML, like Gecko) Chrome/150.0.0.0 Mobile Safari/537.36"
88.176.82.171 - - [24/Jul/2026:03:12:10 +0200] "GET /wp-content/cache/wpfc-minified/fcqsipp0/l4mu.css HTTP/1.1" 200 21732 "https://www.hymnealagourmandise.fr/galerie-photos/" "Mozilla/5.0 (Linux; Android 10; K) AppleWebKit/537.36 (KHTML, like Gecko) Chrome/150.0.0.0 Mobile Safari/537.36"
88.176.82.171 - - [24/Jul/2026:03:12:10 +0200] "GET /wp-content/plugins/elementor/assets/lib/e-gallery/js/e-gallery.min.js?ver=1.2.0 HTTP/1.1" 200 15347 "https://www.hymnealagourmandise.fr/galerie-photos/" "Mozilla/5.0 (Linux; Android 10; K) AppleWebKit/537.36 (KHTML, like Gecko) Chrome/150.0.0.0 Mobile Safari/537.36"
88.176.82.171 - - [24/Jul/2026:03:12:10 +0200] "GET /wp-content/uploads/2023/05/Groupe-368-1.png HTTP/1.1" 200 9890 "https://www.hymnealagourmandise.fr/wp-content/uploads/elementor/css/post-296.css?ver=1730904566" "Mozilla/5.0 (Linux; Android 10; K) AppleWebKit/537.36 (KHTML, like Gecko) Chrome/150.0.0.0 Mobile Safari/537.36"
88.176.82.171 - - [24/Jul/2026:03:12:10 +0200] "GET /wp-content/themes/hello-elementor/Mialgor.ttf HTTP/1.1" 200 175624 "https://www.hymnealagourmandise.fr/galerie-photos/" "Mozilla/5.0 (Linux; Android 10; K) AppleWebKit/537.36 (KHTML, like Gecko) Chrome/150.0.0.0 Mobile Safari/537.36"
88.176.82.171 - - [24/Jul/2026:03:12:10 +0200] "GET /wp-content/plugins/elementor/assets/js/lightbox.db6cea8ed8ffdf265764.bundle.min.js HTTP/1.1" 200 30193 "https://www.hymnealagourmandise.fr/galerie-photos/" "Mozilla/5.0 (Linux; Android 10; K) AppleWebKit/537.36 (KHTML, like Gecko) Chrome/150.0.0.0 Mobile Safari/537.36"
88.176.82.171 - - [24/Jul/2026:03:12:10 +0200] "GET /wp-content/plugins/elementor/assets/lib/dialog/dialog.min.js?ver=4.9.0 HTTP/1.1" 200 10749 "https://www.hymnealagourmandise.fr/galerie-photos/" "Mozilla/5.0 (Linux; Android 10; K) AppleWebKit/537.36 (KHTML, like Gecko) Chrome/150.0.0.0 Mobile Safari/537.36"
88.176.82.171 - - [24/Jul/2026:03:12:10 +0200] "GET /wp-content/plugins/elementor/assets/lib/share-link/share-link.min.js?ver=3.13.4 HTTP/1.1" 200 2620 "https://www.hymnealagourmandise.fr/galerie-photos/" "Mozilla/5.0 (Linux; Android 10; K) AppleWebKit/537.36 (KHTML, like Gecko) Chrome/150.0.0.0 Mobile Safari/537.36"
88.176.82.171 - - [24/Jul/2026:03:12:10 +0200] "GET /wp-content/plugins/elementor-pro/assets/js/gallery.8ca9a354ce039d1ba641.bundle.min.js HTTP/1.1" 200 5852 "https://www.hymnealagourmandise.fr/galerie-photos/" "Mozilla/5.0 (Linux; Android 10; K) AppleWebKit/537.36 (KHTML, like Gecko) Chrome/150.0.0.0 Mobile Safari/537.36"
88.176.82.171 - - [24/Jul/2026:03:12:10 +0200] "GET /wp-content/uploads/2023/05/IMG_1884_retouchee-scaled.jpg HTTP/1.1" 200 132506 "https://www.hymnealagourmandise.fr/galerie-photos/" "Mozilla/5.0 (Linux; Android 10; K) AppleWebKit/537.36 (KHTML, like Gecko) Chrome/150.0.0.0 Mobile Safari/537.36"
88.176.82.171 - - [24/Jul/2026:03:12:10 +0200] "GET /wp-content/uploads/2023/05/IMG_2145-scaled.jpg HTTP/1.1" 200 218312 "https://www.hymnealagourmandise.fr/galerie-photos/" "Mozilla/5.0 (Linux; Android 10; K) AppleWebKit/537.36 (KHTML, like Gecko) Chrome/150.0.0.0 Mobile Safari/537.36"
88.176.82.171 - - [24/Jul/2026:03:12:12 +0200] "GET /wp-content/uploads/2023/05/IMG_1270_retouchee-scaled.jpg HTTP/1.1" 200 289756 "https://www.hymnealagourmandise.fr/galerie-photos/" "Mozilla/5.0 (Linux; Android 10; K) AppleWebKit/537.36 (KHTML, like Gecko) Chrome/150.0.0.0 Mobile Safari/537.36"
88.176.82.171 - - [24/Jul/2026:03:12:19 +0200] "GET /wp-content/uploads/2023/05/zarouri-hicham-y6mtSeBUlQs-unsplash-scaled.jpg HTTP/1.1" 200 343512 "https://www.hymnealagourmandise.fr/galerie-photos/" "Mozilla/5.0 (Linux; Android 10; K) AppleWebKit/537.36 (KHTML, like Gecko) Chrome/150.0.0.0 Mobile Safari/537.36"
88.176.82.171 - - [24/Jul/2026:03:12:20 +0200] "GET /wp-content/uploads/2023/05/IMG_1967_retouchee-scaled.jpg HTTP/1.1" 200 164530 "https://www.hymnealagourmandise.fr/galerie-photos/" "Mozilla/5.0 (Linux; Android 10; K) AppleWebKit/537.36 (KHTML, like Gecko) Chrome/150.0.0.0 Mobile Safari/537.36"
88.176.82.171 - - [24/Jul/2026:03:12:26 +0200] "GET /wp-content/uploads/2023/05/Capture-d_e_cran-2022-09-11-a_-18.58.jpg HTTP/1.1" 200 43496 "https://www.hymnealagourmandise.fr/galerie-photos/" "Mozilla/5.0 (Linux; Android 10; K) AppleWebKit/537.36 (KHTML, like Gecko) Chrome/150.0.0.0 Mobile Safari/537.36"
88.176.82.171 - - [24/Jul/2026:03:12:27 +0200] "GET /wp-content/uploads/2023/05/Capture-d_e_cran-2022-09-11-a_-19.00.jpg HTTP/1.1" 200 27568 "https://www.hymnealagourmandise.fr/galerie-photos/" "Mozilla/5.0 (Linux; Android 10; K) AppleWebKit/537.36 (KHTML, like Gecko) Chrome/150.0.0.0 Mobile Safari/537.36"
88.176.82.171 - - [24/Jul/2026:03:12:31 +0200] "GET /wp-content/uploads/2023/05/Groupe-365.jpg HTTP/1.1" 200 130470 "https://www.hymnealagourmandise.fr/galerie-photos/" "Mozilla/5.0 (Linux; Android 10; K) AppleWebKit/537.36 (KHTML, like Gecko) Chrome/150.0.0.0 Mobile Safari/537.36"
88.176.82.171 - - [24/Jul/2026:03:12:49 +0200] "GET /wp-content/plugins/elementor/assets/lib/swiper/v8/swiper.min.js?ver=8.4.5 HTTP/1.1" 200 143709 "https://www.hymnealagourmandise.fr/galerie-photos/" "Mozilla/5.0 (Linux; Android 10; K) AppleWebKit/537.36 (KHTML, like Gecko) Chrome/150.0.0.0 Mobile Safari/537.36"
88.176.82.171 - - [24/Jul/2026:03:13:21 +0200] "GET /wp-content/uploads/2023/05/Groupe-326.png HTTP/1.1" 200 6068 "https://www.hymnealagourmandise.fr/" "Mozilla/5.0 (Linux; Android 10; K) AppleWebKit/537.36 (KHTML, like Gecko) Chrome/150.0.0.0 Mobile Safari/537.36"
88.176.82.171 - - [24/Jul/2026:03:13:21 +0200] "GET /wp-content/uploads/2023/05/Groupe-328.png HTTP/1.1" 200 5096 "https://www.hymnealagourmandise.fr/" "Mozilla/5.0 (Linux; Android 10; K) AppleWebKit/537.36 (KHTML, like Gecko) Chrome/150.0.0.0 Mobile Safari/537.36"
88.176.82.171 - - [24/Jul/2026:03:13:21 +0200] "GET /wp-content/uploads/2023/05/Groupe-327.png HTTP/1.1" 200 4216 "https://www.hymnealagourmandise.fr/" "Mozilla/5.0 (Linux; Android 10; K) AppleWebKit/537.36 (KHTML, like Gecko) Chrome/150.0.0.0 Mobile Safari/537.36"
88.176.82.171 - - [24/Jul/2026:03:13:21 +0200] "GET /wp-content/uploads/2023/05/Groupe-29.png HTTP/1.1" 200 4134 "https://www.hymnealagourmandise.fr/" "Mozilla/5.0 (Linux; Android 10; K) AppleWebKit/537.36 (KHTML, like Gecko) Chrome/150.0.0.0 Mobile Safari/537.36"
88.176.82.171 - - [24/Jul/2026:03:13:21 +0200] "GET /wp-content/uploads/2023/05/IMG_1967_retouchee-1536x1176.jpg HTTP/1.1" 200 114342 "https://www.hymnealagourmandise.fr/" "Mozilla/5.0 (Linux; Android 10; K) AppleWebKit/537.36 (KHTML, like Gecko) Chrome/150.0.0.0 Mobile Safari/537.36"
88.176.82.171 - - [24/Jul/2026:03:13:21 +0200] "GET /wp-content/uploads/2023/05/tray.png HTTP/1.1" 200 4084 "https://www.hymnealagourmandise.fr/" "Mozilla/5.0 (Linux; Android 10; K) AppleWebKit/537.36 (KHTML, like Gecko) Chrome/150.0.0.0 Mobile Safari/537.36"
88.176.82.171 - - [24/Jul/2026:03:13:21 +0200] "GET /wp-content/uploads/2023/05/Groupe-de-masques-2.png HTTP/1.1" 200 6558 "https://www.hymnealagourmandise.fr/" "Mozilla/5.0 (Linux; Android 10; K) AppleWebKit/537.36 (KHTML, like Gecko) Chrome/150.0.0.0 Mobile Safari/537.36"
88.176.82.171 - - [24/Jul/2026:03:13:21 +0200] "GET /wp-content/uploads/sb-instagram-feed-images/hymneala.webp HTTP/1.1" 200 7624 "https://www.hymnealagourmandise.fr/" "Mozilla/5.0 (Linux; Android 10; K) AppleWebKit/537.36 (KHTML, like Gecko) Chrome/150.0.0.0 Mobile Safari/537.36"
109.234.162.206 - - [24/Jul/2026:03:42:42 +0200] "POST /wp-cron.php?doing_wp_cron=1784857362.1151499748229980468750 HTTP/1.1" 200 - "-" "WordPress/7.0.2; https://www.hymnealagourmandise.fr"
57.141.0.41 - - [24/Jul/2026:03:42:41 +0200] "GET /news-sitemap.xml HTTP/1.1" 404 48328 "-" "Mozilla/5.0 (Windows NT 10.0; Win64; x64) AppleWebKit/537.36 (KHTML, like Gecko) Chrome/145.0.0.0 Safari/537.36 (compatible; meta-externalagent/1.1 (+https://developers.facebook.com/docs/sharing/webmasters/crawler))"
54.39.0.179 - - [24/Jul/2026:03:49:25 +0200] "GET /2024/09/10/ HTTP/1.1" 200 51036 "-" "Mozilla/5.0 (compatible; AhrefsBot/7.0; +http://ahrefs.com/robot/)"
109.234.162.206 - - [24/Jul/2026:03:51:53 +0200] "POST /wp-cron.php?doing_wp_cron=1784857913.1699249744415283203125 HTTP/1.1" 200 - "-" "WordPress/7.0.2; https://www.hymnealagourmandise.fr"
142.44.220.140 - - [24/Jul/2026:03:51:52 +0200] "GET /2024/09/wp-content/themes/hello-elementor/custom-font.css HTTP/1.1" 404 48264 "-" "Mozilla/5.0 (compatible; AhrefsBot/7.0; +http://ahrefs.com/robot/)"
109.234.162.206 - - [24/Jul/2026:04:07:39 +0200] "POST /wp-cron.php?doing_wp_cron=1784858859.2195470333099365234375 HTTP/1.1" 200 - "-" "WordPress/7.0.2; https://www.hymnealagourmandise.fr"
194.187.171.140 - - [24/Jul/2026:04:07:38 +0200] "GET /traiteur-bapteme-lyon HTTP/1.1" 301 - "-" "Mozilla/5.0 (compatible; Qwantbot/1.0_5800325; +https://help.qwant.com/bot/)"
194.187.171.140 - - [24/Jul/2026:04:07:39 +0200] "GET /traiteur-bapteme-lyon/ HTTP/1.1" 200 69817 "https://www.hymnealagourmandise.fr/traiteur-bapteme-lyon" "Mozilla/5.0 (compatible; Qwantbot/1.0_5800325; +https://help.qwant.com/bot/)"
109.234.162.206 - - [24/Jul/2026:04:16:53 +0200] "POST /wp-cron.php?doing_wp_cron=1784859413.6864399909973144531250 HTTP/1.1" 200 - "-" "WordPress/7.0.2; https://www.hymnealagourmandise.fr"
138.246.253.24 - - [24/Jul/2026:04:16:53 +0200] "GET /robots.txt HTTP/1.1" 301 - "-" "Mozilla/5.0 (Windows NT 10.0; Win64; x64) AppleWebKit/537.36 (KHTML, like Gecko) Chrome/103.0.5060.134 Safari/537.36"